 multiple of 22?
False
Is 36 a factor of 324?
True
Does 24 divide 168?
True
Is 20682 a multiple of 24?
False
Does 80 divide 2000?
True
Is 3953 a multiple of 19?
False
Is 3362 a multiple of 82?
True
Does 7 divide 37?
False
Is 11846 a multiple of 36?
False
Is 12 a factor of 8920?
False
Is 14 a factor of 1899?
False
Is 39218 a multiple of 18?
False
Is 19988 a multiple of 88?
False
Is 5060 a multiple of 22?
True
Does 15 divide 33810?
True
Is 232 a multiple of 58?
True
Is 12118 a multiple of 43?
False
Is 130 a multiple of 14?
False
Does 9 divide 828?
True
Is 50 a factor of 101250?
True
Is 26 a factor of 1378?
True
Is 12 a factor of 108?
True
Is 657 a multiple of 73?
True
Is 814 a multiple of 22?
True
Is 38 a factor of 34694?
True
Is 797 a multiple of 18?
False
Is 46440 a multiple of 18?
True
Is 2160 a multiple of 21?
False
Is 47241 a multiple of 29?
True
Is 155 a factor of 12090?
True
Is 7873 a multiple of 12?
False
Is 19 a factor of 1653?
True
Is 45722 a multiple of 207?
False
Does 313 divide 23508?
False
Does 11 divide 384?
False
Is 10 a factor of 12386?
False
Is 64 a factor of 8793?
False
Is 2648 a multiple of 41?
False
Does 14 divide 505?
False
Is 22 a factor of 4038?
False
Is 6 a factor of 54?
True
Is 28 a factor of 531?
False
Does 160 divide 17382?
False
Does 14 divide 128084?
False
Does 45 divide 9975?
False
Is 24 a factor of 1152?
True
Does 12 divide 445?
False
Is 5 a factor of 5165?
True
Is 141 a factor of 9306?
True
Is 86 a factor of 1720?
True
Is 59 a factor of 413?
True
Is 3088 a multiple of 49?
False
Is 119 a factor of 5002?
False
Does 44 divide 352?
True
Is 239 a factor of 86996?
True
Is 5635 a multiple of 2?
False
Is 33 a factor of 17941?
False
Does 6 divide 5321?
False
Is 35 a factor of 1085?
True
Is 12 a factor of 30336?
True
Is 49 a factor of 882?
True
Is 172 a multiple of 4?
True
Is 902 a multiple of 21?
False
Is 117 a factor of 4680?
True
Is 65 a factor of 2257?
False
Is 7502 a multiple of 121?
True
Is 68 a factor of 30480?
False
Is 488 a multiple of 23?
False
Is 35 a factor of 19565?
True
Is 21830 a multiple of 59?
True
Is 1176 a multiple of 28?
True
Is 90 a factor of 25652?
False
Does 14 divide 2114?
True
Does 19 divide 10431?
True
Does 174 divide 14094?
True
Does 43 divide 27666?
False
Is 99 a factor of 5880?
False
Is 608 a multiple of 12?
False
Is 285 a factor of 30113?
False
Does 21 divide 87?
False
Does 7 divide 39354?
True
Is 65110 a multiple of 10?
True
Is 8 a factor of 18360?
True
Does 40 divide 5391?
False
Does 20 divide 636?
False
Is 13230 a multiple of 147?
True
Is 25193 a multiple of 59?
True
Is 20 a factor of 1537?
False
Is 32 a factor of 1248?
True
Is 1835 a multiple of 22?
False
Does 15 divide 1785?
True
Does 51 divide 3774?
True
Is 1643 a multiple of 8?
False
Is 4275 a multiple of 75?
True
Does 138 divide 29808?
True
Does 35 divide 51862?
False
Is 30403 a multiple of 304?
False
Is 31 a factor of 477?
False
Is 66 a factor of 80388?
True
Does 57 divide 1311?
True
Is 7863 a multiple of 70?
False
Is 56700 a multiple of 100?
True
Is 4136 a multiple of 44?
True
Is 26902 a multiple of 33?
False
Does 14 divide 756?
True
Is 45453 a multiple of 139?
True
Does 129 divide 1939?
False
Is 4837 a multiple of 11?
False
Does 24 divide 120?
True
Is 27 a factor of 36396?
True
Is 5330 a multiple of 205?
True
Is 188 a factor of 752?
True
Does 52 divide 1141?
False
Does 60 divide 4320?
True
Does 25 divide 925?
True
Does 39 divide 7449?
True
Is 1557 a multiple of 14?
False
Is 3731 a multiple of 59?
False
Does 29 divide 2110?
False
Does 32 divide 8480?
True
Does 12 divide 456?
True
Is 13 a factor of 2795?
True
Does 4 divide 316?
True
Is 12 a factor of 228?
True
Is 78552 a multiple of 53?
False
Is 121 a factor of 8712?
True
Is 78 a factor of 53266?
False
Is 19 a factor of 82270?
True
Is 128 a factor of 67893?
False
Does 24 divide 1545?
False
Does 2 divide 602?
True
Is 4 a factor of 27?
False
Is 122 a factor of 3172?
True
Is 7798 a multiple of 101?
False
Is 2 a factor of 306?
True
Does 10 divide 610?
True
Is 696 a multiple of 29?
True
Is 1064 a multiple of 40?
False
Is 40 a factor of 3252?
False
Is 13440 a multiple of 48?
True
Is 17 a factor of 1428?
True
Does 7 divide 1829?
False
Is 2756 a multiple of 13?
True
Is 1216 a multiple of 26?
False
Does 37 divide 74?
True
Does 43 divide 2193?
True
Is 441 a multiple of 7?
True
Is 12 a factor of 26292?
True
Is 1152 a multiple of 37?
False
Is 18 a factor of 10945?
False
Is 5501 a multiple of 32?
False
Is 35 a multiple of 11?
False
Is 8 a factor of 419?
False
Does 237 divide 72048?
True
Is 10260 a multiple of 45?
True
Is 152 a factor of 19152?
True
Is 3 a factor of 48?
True
Does 7 divide 453?
False
Does 14 divide 17?
False
Is 7 a factor of 563?
False
Is 85 a factor of 10115?
True
Is 5 a factor of 546?
False
Does 15 divide 1620?
True
Does 12 divide 71556?
True
Is 3677 a multiple of 23?
False
Is 6 a factor of 1025?
False
Is 93 a factor of 4557?
True
Is 36 a factor of 4860?
True
Does 96 divide 8448?
True
Is 17 a factor of 340?
True
Does 96 divide 6000?
False
Is 49184 a multiple of 58?
True
Is 10560 a multiple of 32?
True
Is 2 a factor of 67?
False
Does 88 divide 20049?
False
Is 60 a factor of 8700?
True
Is 180 a factor of 55306?
False
Does 25 divide 650?
True
Is 6 a factor of 10658?
False
Is 26 a factor of 2644?
False
Is 17 a factor of 1408?
False
Does 29 divide 3370?
False
Does 86 divide 27512?
False
Is 28 a factor of 3443?
False
Does 22 divide 3567?
False
Is 24934 a multiple of 159?
False
Is 14 a factor of 45738?
True
Is 12 a factor of 372?
True
Is 540 a multiple of 20?
True
Is 3661 a multiple of 7?
True
Is 1338 a multiple of 14?
False
Is 1113 a multiple of 21?
True
Is 1991 a multiple of 18?
False
Is 8 a factor of 573?
False
Is 8 a factor of 833?
False
Is 21 a factor of 32913?
False
Is 3946 a multiple of 22?
False
Is 20 a factor of 4512?
False
Is 10 a multiple of 3?
False
Is 2798 a multiple of 5?
False
Is 7336 a multiple of 14?
True
Is 45 a factor of 214?
False
Is 2053 a multiple of 9?
False
Is 56 a factor of 684?
False
Is 25752 a multiple of 222?
True
Is 15193 a multiple of 9?
False
Is 38 a factor of 874?
True
Does 42 divide 18690?
True
Is 12 a factor of 474?
False
Is 161 a multiple of 7?
True
Does 118 divide 7211?
False
Is 119 a factor of 20706?
True
Is 8 a factor of 44996?
False
Is 13 a factor of 13793?
True
Is 13 a factor of 8057?
False
Does 17 divide 1094?
False
Is 608 a multiple of 2?
True
Is 8 a factor of 4368?
True
Is 10496 a multiple of 128?
True
Is 1839 a multiple of 42?
False
Does 81 divide 162?
True
Is 52 a factor of 9336?
False
Does 30 divide 3855?
False
Does 35 divide 245?
True
Is 43 a factor of 99416?
True
Does 13 divide 660?
False
Is 155 a factor of 7895?
False
Is 6 a factor of 4473?
False
Is 7 a factor of 5232?
False
Does 29 divide 1242?
False
Does 62 divide 710?
False
Is 15081 a multiple of 33?
True
Does 192 divide 93846?
False
Is 1027 a multiple of 14?
False
Is 12 a factor of 594?
False
Does 5 divide 7455?
True
Is 2079 a multiple of 14?
False
Is 1725 a multiple of 7?
False
Is 533 a multiple of 15?
False
Is 12 a factor of 1331?
False
Is 85 a multiple of 4?
False
Is 6475 a multiple of 25?
True
Is 8 a multiple of 8?
True
Is 33 a factor of 7227?
True
Is 83 a factor of 22244?
True
Is 119 a multiple of 17?
True
Is 29 a factor of 1624?
True
Is 346 a multiple of 3?
False
Is 25 a factor of 700?
True
Is 1577 a multiple of 13?
False
Is 1010 a multiple of 31?
False
Is 106 a multiple of 53?
True
Does 24 divide 2304?
True
Is 6095 a multiple of 113?
False
Is 15 a factor of 3525?
True
Does 48 divide 6864?
True
Does 16 divide 416?
True
Is 115096 a multiple of 111?
False
Is 16 a factor of 656?
True
Does 120 divide 47160?
True
Is 40 a factor of 9160?
True
Is 14132 a multiple of 139?
False
Does 90 divide 22860?
True
Is 374 a multiple of 11?
True
Is 5393 a multiple of 42?
False
Does 53 divide 477?
True
Is 95 a factor of 760?
True
Is 15 a factor of 122745?
True
Is 10529 even?
False
Does 11 divide 308?
True
Is 16 a factor of 64?
True
Is 55 a factor of 14080?
True
Is 17 a factor of 715?
False
Does 16 divide 5472?
True
Is 5424 a multiple of 5?
False
Is 2 a factor of 534?
True
Is 20544 a multiple of 8?
True
Is 7 a factor of 10545?
False
Is 6141 a multiple of 3?
True
Is 448 a multiple of 4?
True
Does 